3*u/6) a prime number?
False
Let q = 10 + -16. Let y be (-254)/(-10)*(-1 - q). Suppose 2*h - h = y. Is h a composite number?
False
Let n = 1671 - 981. Let m = n + -382. Suppose m = -0*w + 4*w. Is w a composite number?
True
Let v(s) = -6*s + 5. Let g(y) = y. Let m(a) = 4*g(a) + v(a). Let i be m(3). Let b = 5 + i. Is b composite?
True
Let x = -3 + 6. Let a(v) = -v**2 + 15*v - 32. Let o be a(12). Suppose -x*s = -7*q + o*q + 1065, 2*q - 738 = -5*s. Is q a prime number?
True
Suppose 0 = -5*d + 36*d - 236003. Is d prime?
False
Let i(d) = -937*d**3 - 2*d**2 + d - 11. Is i(-4) prime?
True
Suppose -6*k = -k + 220. Let d = k - -146. Suppose -89 - d = -r. Is r a prime number?
True
Let q(v) = -3745*v + 3. Is q(-4) a prime number?
True
Is (-34422)/4*((-28)/42 - 0) a composite number?
False
Let a = -7992 - -3445. Let g = a - -8058. Is g a composite number?
False
Let n(m) = -112*m + 59. Is n(-7) a prime number?
False
Is ((-2995830)/(-108))/((-3)/(-18)) composite?
True
Suppose b - 2042 = -3*y, 3*b + 3406 = 5*y + 2*b. Is y prime?
False
Suppose -10 = 2*j + 6. Is 2/j - (-227)/4*7 prime?
True
Suppose 0 = -4*q + 2*q - g + 40, -q + 4*g + 20 = 0. Suppose -2*c + 4*d + q = 0, -4*c + 52 = -d + 5*d. Is ((-51)/c)/(3/(-60)) composite?
True
Suppose -w + 3 = 2*u, w + 16 = 3*w - u. Suppose w*o - 1290 = o. Is o composite?
True
Let t be (-2)/(((-8)/22912)/((-1)/(-2))). Suppose -14*s + 6*s + t = 0. Is s a prime number?
False
Let b be ((-15816)/(-3))/(-1) + 2. Is (b/18)/(-1) + 10/45 composite?
False
Suppose -379*n = -368*n - 184349. Is n prime?
True
Let p be 1 + ((-12)/4 - -4) + 2. Let d(c) = 0*c**3 + 3 - 3*c + 4*c - 3*c**2 - 6*c + 3*c**3. Is d(p) a composite number?
False
Let c = -20 - 17. Let j be (-1408)/(-6) + ((-64)/(-12) - 4). Let s = j + c. Is s prime?
True
Let y be (-4)/4*(1 + -4). Let j be (y/12)/(1/8). Let g = j + 35. Is g a prime number?
True
Let i = 33 + -1. Let a = i + -32. Suppose a = 5*r - 3*p - 1070, -17 = -5*r + 4*p + 1058. Is r a composite number?
False
Let a = -56 + 53. Is 7*(25 + 7 + a) composite?
True
Is (3/(-6))/((-16)/282944) prime?
False
Suppose 0 = -4*x + 2*w - 98, 0 = x - 7*w + 2*w + 29. Is ((-111)/(-2))/(x/(-112)) prime?
False
Let r(u) = -u + 8. Let m be r(6). Is (5 - m)*1196/12 a prime number?
False
Suppose 238*f - 98575 = 213*f. Is f a composite number?
False
Let u = -7096 + 13617. Is u composite?
False
Let m = 10 - 7. Is (12/m - 0) + 367 a prime number?
False
Suppose -14*h = -6263 - 82763. Is h composite?
False
Let o(t) = -t - 5. Let g be o(-9). Suppose 4*d - 72 = g*x + 52, 0 = -3*x + 15. Suppose -4*z + m + 3*m + d = 0, -15 = -5*z - 5*m. Is z a prime number?
False
Is -7*8114*(-39)/78 composite?
True
Suppose 0*c + 4*c = -2644. Let p be ((-76)/5)/((-2)/185). Let r = c + p. Is r prime?
False
Let l be -1*(-1)/(-3) - (-21475)/(-15). Let g = -447 - l. Is g a prime number?
False
Let m(j) = -69 - j**3 + 71 + 2*j**2 + 0*j**3 - 12*j. Let q(a) = a**2 - a - 1. Let l(v) = m(v) - 4*q(v). Is l(-7) a prime number?
True
Is 1857/7 + 12/(-42) prime?
False
Let i be (-3)/(-2) + 104/16. Suppose -5*p - 20 = 3*k, 5*k + 0*p - 2*p - i = 0. Suppose 3*g - 1059 = -k*g. Is g a composite number?
False
Is 2/(-4)*(-9 - 4777) prime?
True
Is (-24)/2 + 1 + 15508 a composite number?
False
Suppose -539*p + 537*p + 121646 = 0. Is p composite?
True
Let n = -5 + -2. Let l be n - -7 - (-2 - 0). Suppose 0 = 3*h + 2*y + y - 249, -l*h + 3*y + 176 = 0. Is h prime?
False
Suppose 5*g - 3*l - 6243 = 27899, 3*g + 3*l - 20466 = 0. Is g a composite number?
True
Let s(o) = 244*o - 711. Is s(11) a prime number?
True
Let j(t) = 3*t**2 + 32*t - 45. Is j(13) a prime number?
False
Let o(l) = -l**3 - 8*l**2 + 6. Let m be o(-8). Suppose m*p - 718 = 5*p. Is p prime?
False
Suppose 0*s + 4 = -4*s. Let g be s/(-2)*(3 + -11). Is 18*(g + 13) - -1 a prime number?
True
Suppose 69*m + 254 = 71*m. Suppose 5*r + o - 3*o = 624, -4*r = 3*o - 490. Let z = r + m. Is z prime?
True
Is 89746 + (-3)/((-4)/(12/9)) a composite number?
True
Is 1 + (-1000)/(-6)*114/4 composite?
False
Suppose 18*u - 343642 = -8*u. Is u prime?
True
Let b be 6 + (1 - (0 + -1)). Let l be (4 + 0)*12/b. Suppose k + 575 = l*k. Is k composite?
True
Let r(o) = -6*o**2 + o**3 + 9*o - 2*o - 10*o**2 + 15. Is r(16) a prime number?
True
Is (29165 - -83) + 3*(0 + -1) composite?
True
Suppose 0 = 6*x - 3*x - 5*z - 34722, 46331 = 4*x + 5*z. Is x prime?
True
Suppose -2*j + 5*j + 12 = 0. Let q(c) = c**2 + 4*c + 4. Let m be q(j). Suppose -345 = -5*b - 3*s - 50, -144 = -2*b + m*s. Is b prime?
False
Suppose 13587 = 17*x + 4*x. Is x a prime number?
True
Is 0/(-8) - 4/((-16)/27212) a prime number?
True
Suppose 12 = 2*m - 4*i, 3*m + 0 + 15 = -5*i. Suppose -a - 5*a + 2286 = m. Is a composite?
True
Suppose h - 2*h + 5*n = 4253, -4*h - 16952 = -5*n. Let f = -2576 - h. Is f prime?
True
Let j(i) = -13087*i - 121. Is j(-2) a prime number?
True
Suppose 3*w - i - 73 = 0, 2*i + 4 = -2*i. Let a = 611 - w. Is a prime?
True
Let h(i) = 575*i - 2. Let j be h(1). Suppose -4*p = -j - 1967. Is p a prime number?
False
Suppose -2649 - 1340 = -d. Is d a composite number?
False
Let s(p) = p**3 - 2*p**2 - p + 4. Let r be s(0). Suppose 2*o + 5627 - 1721 = r*x, 978 = x + o. Is x prime?
True
Is (4/(-10) - 204183/(-45)) + -2 composite?
True
Let j(y) = 102*y + 19. Is j(41) composite?
False
Let u be (5 + -4 + -2)*23. Is (u/2)/(6/(-696)*2) prime?
False
Let c(a) = a**3 + 6*a**2 - 9. Let m be c(-5). Let o = -18 + m. Is 78/o*(11 + -12) a composite number?
True
Let w(k) be the second derivative of k**6/45 - k**5/15 - 5*k**4/24 - 2*k**3/3 - k. Let y(d) be the second derivative of w(d). Is y(-5) a prime number?
False
Is 0 + (-1337)/14*-22 prime?
False
Is ((-72194)/4)/((-6)/12) prime?
True
Let b be (-16)/6*(-15)/(-10). Let t = 475 + b. Is 1/(1 - 468/t) a composite number?
False
Suppose -3*h - 10 = 4*q + 2*h, -4*h - 8 = q. Suppose q = 3*l - 5 - 7. Suppose 7*o - 3*o = -5*j + 374, 370 = l*o + 3*j. Is o a prime number?
False
Let i(b) = -3*b - 33. Let r be i(-12). Suppose -r*q - 2*q = -2*c + 379, 749 = 4*c - q. Is c a composite number?
True
Suppose 0 = -80*c + 191353 - 57033. Is c prime?
False
Suppose -24637 = -5*b + 2*j, 5*b - 14994 = -5*j + 9636. Is b a composite number?
True
Is ((-11)/2 + 1)*(-26)/3 prime?
False
Suppose 2*o = 5*s - 32, -o + 4*s + s = 26. Let v(p) = 4*p**3 - p**2 - 2*p - 3. Let q(k) = k**3. Let d(t) = o*q(t) - v(t). Is d(-2) a prime number?
True
Suppose 15*y - 5964 = -13*y. Is y prime?
False
Is (2 + 11 - 12)/(1/16301) prime?
True
Let h = 190 - 151. Let i(w) = w**3 + w**2 + 14. Let d be i(0). Suppose -l + h + d = 0. Is l prime?
True
Let u(q) = 37360*q - 261. Is u(3) a composite number?
True
Suppose -2*a = -10, -4*a + 15 + 10 = 5*p. Is (-2348)/(-8)*2/p a prime number?
True
Suppose -4*o + 60 = 3*z, 2*z = 4*z - 8. Suppose -5*w + o - 17 = 0. Let r(s) = 84*s**2 + 2*s + 1. Is r(w) a composite number?
False
Let q = 8 + -6. Is (25/10 - q)*278 a prime number?
True
Is 4*(28/28 - 26426/(-8)) a prime number?
True
Let u = 19561 + 41580. Is u composite?
False
Let d = 25153 - 13476. Is d composite?
False
Let f(m) = -121*m - 76*m - 30*m + 1 - 29*m. Is f(-1) composite?
False
Let i(x) = 182*x + 7. Let k(g) = g + 18. Let q be k(-12). Is i(q) a composite number?
True
Suppose u - 5*u + 8 = 0, 2*i + u - 2128 = 0. Suppose -4*k = -0*l - 3*l - 832, 5*k + 2*l - i = 0. Is k prime?
True
Let c = -16 - -21. Suppose -p - 3*d = d + 26, 0 = -c*p - 3*d - 45. Is -4 - 3/(p/454) a prime number?
True
Let v(j) = -5*j**2 - j + 1. Let i be v(-2). Let p = -14 - i. Is p a composite number?
False
Let s = 16495 - 6578. Is s composite?
True
Let z(y) = 15*y**2 + 5*y - 7. Let k be z(3). Let r = k - 66. Is r prime?
False
Suppose -5*o + 5*i + 5 = 0, 2*i - 6 = -o + 1. Suppose -3183 = -o*u + 4*h, 2*u + 5*h - 1836 - 286 = 0. Is u a composite number?
False
Suppose -4 = 3*c + c. Let q = -1 + c. Let g(x) = -40*x + 2. Is g(q) composite?
True
Suppose 3*g + 2652 = 10818. Suppose i + i = g. Is i composite?
False
Let f = -11 + 12. Let i = f + 6. Let p(g) = 10*g - 5. Is p(i) prime?
False
Suppose 2 = 3*d - 4*g - 3, 3*g - 3 = 0. Suppose m - 3*o + 450 = 5*m, -d*o = -4*m + 438. Is m a composite number?
True
Let j = -33 - -24. Let n be (-5554)/(-10) + j/(-15). Suppose 0 = -7*r + 3*r + n. Is r prime?
True
Let s(w) = 332*w**2 - w + 6. Is s(3) a composite num